hest common divisor of 88 and 1171?
1
Calculate the greatest common divisor of 3460 and 748744.
692
What is the highest common divisor of 5 and 1847?
1
Calculate the highest common divisor of 911 and 658653.
911
What is the highest common divisor of 10 and 120020?
10
What is the greatest common divisor of 155860 and 20?
20
What is the greatest common factor of 580 and 11716?
116
Calculate the highest common factor of 135478 and 42.
14
Calculate the greatest common factor of 1687 and 14721.
7
Calculate the greatest common factor of 369 and 5929461.
369
Calculate the greatest common factor of 62 and 81902.
62
What is the highest common divisor of 7290 and 70?
10
What is the highest common factor of 11554 and 6758?
218
What is the greatest common divisor of 6984 and 1368?
72
Calculate the highest common factor of 665 and 100795.
95
What is the highest common divisor of 1316 and 387280?
188
Calculate the greatest common factor of 11160 and 217.
31
Calculate the greatest common factor of 21 and 614173.
7
Calculate the greatest common divisor of 5363 and 5332.
31
Calculate the greatest common divisor of 54263 and 77.
11
Calculate the highest common divisor of 357 and 2667.
21
Calculate the greatest common divisor of 40831 and 380.
19
Calculate the greatest common divisor of 5820 and 3495.
15
Calculate the greatest common factor of 494 and 236626.
494
What is the greatest common divisor of 315 and 18045?
45
What is the highest common factor of 71616 and 19023?
1119
What is the highest common divisor of 983124 and 108?
108
Calculate the highest common factor of 501765 and 66.
33
Calculate the highest common factor of 24549 and 63.
21
Calculate the highest common divisor of 72652 and 13366.
82
What is the greatest common factor of 2645 and 30935?
115
What is the greatest common factor of 3042 and 66?
6
Calculate the highest common factor of 12 and 766962.
6
What is the highest common factor of 95 and 626430?
95
What is the greatest common divisor of 231 and 14777?
7
Calculate the highest common divisor of 246742 and 1712.
214
Calculate the greatest common factor of 13480 and 320.
40
Calculate the greatest common factor of 33776 and 80.
16
Calculate the greatest common factor of 1180 and 520852.
236
What is the greatest common divisor of 132370 and 558?
62
Calculate the greatest common factor of 864 and 25200.
144
What is the greatest common divisor of 19251 and 6831?
621
Calculate the greatest common divisor of 12931 and 1876.
67
What is the highest common divisor of 159268 and 174?
58
What is the greatest common factor of 192 and 5056?
64
What is the greatest common divisor of 1442 and 413294?
14
Calculate the highest common divisor of 637 and 284.
1
What is the highest common factor of 57685 and 31275?
695
Calculate the greatest common divisor of 3366 and 34578.
306
Calculate the highest common divisor of 2640015 and 15.
15
Calculate the highest common factor of 23720 and 280.
40
Calculate the greatest common factor of 420 and 45654.
42
What is the highest common factor of 888 and 777?
111
What is the greatest common factor of 85850 and 119?
17
Calculate the greatest common factor of 2728 and 26536.
248
Calculate the greatest common divisor of 1246 and 56.
14
What is the highest common factor of 1120 and 7392?
224
Calculate the greatest common divisor of 52 and 2421484.
52
Calculate the highest common factor of 82585 and 332.
83
What is the greatest common divisor of 80495 and 10625?
85
Calculate the greatest common divisor of 85 and 34221.
17
Calculate the highest common factor of 245952 and 196.
28
Calculate the highest common factor of 7304 and 154712.
664
Calculate the greatest common divisor of 13083 and 1225.
49
What is the greatest common divisor of 2156 and 46893?
539
What is the highest common factor of 76 and 87058?
38
What is the greatest common factor of 2832 and 9381?
177
What is the greatest common divisor of 770 and 7370?
110
What is the highest common divisor of 392 and 658?
14
What is the highest common divisor of 5357 and 451?
11
Calculate the greatest common factor of 5130 and 1390.
10
What is the greatest common factor of 11704 and 22477?
133
What is the highest common factor of 16 and 140769?
1
Calculate the greatest common divisor of 6960 and 1860.
60
Calculate the highest common divisor of 129084 and 2790.
186
Calculate the greatest common factor of 51011 and 29.
29
What is the highest common factor of 539376 and 4624?
272
Calculate the greatest common divisor of 119 and 191233.
119
Calculate the highest common factor of 24 and 22041.
3
What is the greatest common factor of 2416 and 944?
16
What is the greatest common divisor of 906 and 124?
2
What is the highest common divisor of 2743 and 416?
13
What is the highest common divisor of 93620 and 71300?
620
Calculate the highest common factor of 9 and 2311245.
9
What is the greatest common factor of 836 and 608?
76
What is the greatest common factor of 3725916 and 123?
123
What is the highest common factor of 314 and 2677321?
157
What is the greatest common factor of 13 and 14968?
1
What is the greatest common divisor of 139674 and 36?
6
Calculate the greatest common factor of 640 and 6037120.
640
What is the greatest common factor of 221415 and 580?
145
What is the greatest common divisor of 100910 and 360?
10
What is the highest common factor of 55 and 9416?
11
Calculate the greatest common divisor of 45 and 31986.
9
Calculate the greatest common factor of 902424 and 3.
3
Calculate the highest common factor of 65436 and 3321.
123
Calculate the highest common factor of 292 and 417487.
73
What is the highest common divisor of 945 and 257390?
35
Calculate the highest common factor of 104 and 8060.
52
What is the greatest common factor of 63 and 477729?
63
Calculate the greatest common factor of 855 and 1824.
57
Calculate the greatest common factor of 56879 and 322.
23
What is the highest common divisor of 1188 and 3395898?
594
What is the highest common divisor of 302 and 359531?
151
Calculate the greatest common divisor of 142790 and 524.
262
Calculate the greatest common factor of 540 and 177768.
108
Calculate the highest common factor of 904 and 1714888.
904
What is the highest common factor of 459 and 561?
51
What is the highest common factor of 120 and 610?
10
What is the greatest common divisor of 29025 and 108?
27
What is the greatest common factor of 682 and 1286252?
682
Calculate the greatest common factor of 323 and 114240.
17
What is the greatest common factor of 35713 and 3053?
71
What is the greatest common divisor of 9882 and 11224?
122
Calculate the highest common factor of 493637 and 2831.
149
What is the highest common divisor of 824 and 856?
8
What is the greatest common divisor of 9762 and 36?
6
What is the greatest common factor of 9460 and 10879?
473
What is the highest common divisor of 1992 and 17679?
249
What is the highest common factor of 332 and 4316?
332
Calculate the greatest common factor of 10428 and 108.
12
What is the greatest common divisor of 1476 and 10209?
123
Calculate the greatest common divisor of 2608 and 26406.
326
What is the greatest common factor of 10 and 125530?
10
Calculate the highest common factor of 69 and 94461.
69
Calculate the highest common divisor of 1680 and 15568.
112
Calculate the greatest common factor of 110 and 4709.
1
What is the greatest common divisor of 1152 and 910944?
288
What is the greatest common divisor of 762 and 18669?
381
What is the greatest common divisor of 616860 and 100?
20
What is the greatest common divisor of 28 and 115308?
4
Calculate the highest common factor of 9628 and 4897.
83
Calculate the highest common factor of 452 and 506240.
452
What is the greatest common divisor of 216 and 1987524?
108
What is the highest common divisor of 27670 and 330?
10
What is the highest common divisor of 944 and 22544?
16
Calculate the highest common divisor of 782 and 5359.
23
Calculate the greatest common divisor of 80595 and 31442.
199
What is the greatest common factor of 180831 and 55699?
763
Calculate the greatest common factor of 33230 and 1470.
10
What is the highest common divisor of 145410 and 180?
30
What is the highest common factor of 1551 and 56496?
33
Calculate the greatest common factor of 72